{"id":2889,"date":"2022-01-30T17:59:35","date_gmt":"2022-01-30T16:59:35","guid":{"rendered":"https:\/\/www.voile-valenciennes.fr\/?page_id=2889"},"modified":"2026-03-13T22:17:24","modified_gmt":"2026-03-13T21:17:24","slug":"documents-officiels","status":"publish","type":"page","link":"https:\/\/www.voile-valenciennes.fr\/index.php\/documents-officiels\/","title":{"rendered":"Documents Officiels"},"content":{"rendered":"\n<p class=\"has-medium-font-size\">Cette page est r\u00e9serv\u00e9e uniquement aux membres afin qu&rsquo;ils puissent prendre connaissance des derni\u00e8res versions des documents officiels du club.<\/p>\n\n\n\n<h3 class=\"wp-block-heading has-text-align-center has-text-color\" style=\"color:#256090\">Proc\u00e9dure d\u2019Adh\u00e9sion au CVV<\/h3>\n\n\n\n<div class=\"wp-block-file aligncenter\"><a id=\"wp-block-file--media-9532a5c0-0ca3-42ea-a169-7ce42c9d3803\" href=\"https:\/\/www.voile-valenciennes.fr\/wp-content\/uploads\/2025\/03\/CVV-Fiche-dAdhesion-et-Tarif-2025.pdf\">CVV &#8211; Fiche d\u2019Adh\u00e9sion et Tarif 2025<\/a><a href=\"https:\/\/www.voile-valenciennes.fr\/wp-content\/uploads\/2025\/03\/CVV-Fiche-dAdhesion-et-Tarif-2025.pdf\" class=\"wp-block-file__button wp-element-button\" download aria-describedby=\"wp-block-file--media-9532a5c0-0ca3-42ea-a169-7ce42c9d3803\">T\u00e9l\u00e9charger<\/a><\/div>\n\n\n\n<h3 class=\"wp-block-heading has-text-align-center has-text-color\" style=\"color:#256090\">Attestation a signer et a imprimer<\/h3>\n\n\n\n<div class=\"wp-block-file aligncenter\"><a id=\"wp-block-file--media-f6ec911b-ff6f-4c47-a086-8fb675fdd630\" href=\"https:\/\/www.voile-valenciennes.fr\/wp-content\/uploads\/2025\/03\/ATTESTATION-A-FAIRE-SIGNER-AUX-MEMBRES.pdf\">ATTESTATION &#8211; A FAIRE SIGNER AUX MEMBRES<\/a><a href=\"https:\/\/www.voile-valenciennes.fr\/wp-content\/uploads\/2025\/03\/ATTESTATION-A-FAIRE-SIGNER-AUX-MEMBRES.pdf\" class=\"wp-block-file__button wp-element-button\" download aria-describedby=\"wp-block-file--media-f6ec911b-ff6f-4c47-a086-8fb675fdd630\">T\u00e9l\u00e9charger<\/a><\/div>\n\n\n\n<h3 class=\"wp-block-heading has-text-align-center has-text-color\" style=\"color:#256090\">Fiche Propri\u00e9taire<\/h3>\n\n\n\n<div class=\"wp-block-file aligncenter\"><a id=\"wp-block-file--media-690b1eca-f2f9-4238-b0af-02297459da09\" href=\"https:\/\/www.voile-valenciennes.fr\/wp-content\/uploads\/2025\/03\/Fiche_Proprietaire_sur_le_Parc_Bateau.pdf\">Fiche_Propri\u00e9taire_sur_le_Parc_Bateau<\/a><a href=\"https:\/\/www.voile-valenciennes.fr\/wp-content\/uploads\/2025\/03\/Fiche_Proprietaire_sur_le_Parc_Bateau.pdf\" class=\"wp-block-file__button wp-element-button\" download aria-describedby=\"wp-block-file--media-690b1eca-f2f9-4238-b0af-02297459da09\">T\u00e9l\u00e9charger<\/a><\/div>\n\n\n\n<h3 class=\"wp-block-heading has-text-align-center has-text-color\" style=\"color:#256090\">Emplacements sur le parc a bateaux<\/h3>\n\n\n\n<div class=\"wp-block-file aligncenter\"><a id=\"wp-block-file--media-8075fdca-8049-47c1-ba2c-ddb92259e681\" href=\"https:\/\/www.voile-valenciennes.fr\/wp-content\/uploads\/2025\/03\/CVV-Plan-Parc-a-Bateau-avec-numerotation.pdf\">CVV Plan Parc a Bateau &#8211; avec num\u00e9rotation<\/a><a href=\"https:\/\/www.voile-valenciennes.fr\/wp-content\/uploads\/2025\/03\/CVV-Plan-Parc-a-Bateau-avec-numerotation.pdf\" class=\"wp-block-file__button wp-element-button\" download aria-describedby=\"wp-block-file--media-8075fdca-8049-47c1-ba2c-ddb92259e681\">T\u00e9l\u00e9charger<\/a><\/div>\n\n\n\n<hr class=\"wp-block-separator has-alpha-channel-opacity\"\/>\n\n\n\n<h3 class=\"wp-block-heading has-text-align-center has-text-color\" style=\"color:#256090\">R\u00e8glement Int\u00e9rieur<\/h3>\n\n\n\n<div class=\"wp-block-file aligncenter\"><a id=\"wp-block-file--media-30aedd0e-f382-4be5-a388-3086d50ad727\" href=\"https:\/\/www.voile-valenciennes.fr\/wp-content\/uploads\/2026\/03\/CVV-Reglement-interieur-Fevrier-2026.pdf\">CVV &#8211; R\u00e9glement int\u00e9rieur &#8211; Fevrier 2026<\/a><a href=\"https:\/\/www.voile-valenciennes.fr\/wp-content\/uploads\/2026\/03\/CVV-Reglement-interieur-Fevrier-2026.pdf\" class=\"wp-block-file__button wp-element-button\" download aria-describedby=\"wp-block-file--media-30aedd0e-f382-4be5-a388-3086d50ad727\">T\u00e9l\u00e9charger<\/a><\/div>\n\n\n\n<hr class=\"wp-block-separator has-css-opacity\"\/>\n\n\n\n<h3 class=\"wp-block-heading has-text-align-center has-text-color\" style=\"color:#256090\">Dispositif de Surveillance et d&rsquo;Intervention<\/h3>\n\n\n\n<div class=\"wp-block-file aligncenter\"><a id=\"wp-block-file--media-dc96fa5a-f6fc-4eca-a173-0688e58db509\" href=\"https:\/\/www.voile-valenciennes.fr\/wp-content\/uploads\/2025\/03\/CVV-DSI-1er-Janvier-2025.pdf\">CVV &#8211; DSI &#8211; 1er Janvier 2025<\/a><a href=\"https:\/\/www.voile-valenciennes.fr\/wp-content\/uploads\/2025\/03\/CVV-DSI-1er-Janvier-2025.pdf\" class=\"wp-block-file__button wp-element-button\" download aria-describedby=\"wp-block-file--media-dc96fa5a-f6fc-4eca-a173-0688e58db509\">T\u00e9l\u00e9charger<\/a><\/div>\n\n\n\n<hr class=\"wp-block-separator has-css-opacity\"\/>\n\n\n\n<h3 class=\"wp-block-heading has-text-align-center has-text-color\" style=\"color:#256090\">Status de l&rsquo;Association<\/h3>\n\n\n\n<div class=\"wp-block-file aligncenter\"><a href=\"https:\/\/www.voile-valenciennes.fr\/wp-content\/uploads\/2022\/01\/CVV-Statuts-Janvier-2019.pdf\">CVV-Statuts-Janvier-2019<\/a><a href=\"https:\/\/www.voile-valenciennes.fr\/wp-content\/uploads\/2022\/01\/CVV-Statuts-Janvier-2019.pdf\" class=\"wp-block-file__button wp-element-button\" download>T\u00e9l\u00e9charger<\/a><\/div>\n\n\n\n<hr class=\"wp-block-separator has-css-opacity\"\/>\n\n\n\n<h3 class=\"wp-block-heading has-text-align-center has-text-color\" style=\"color:#256090\">Livret d&rsquo;Accueil<\/h3>\n\n\n\n<div class=\"wp-block-file aligncenter\"><a id=\"wp-block-file--media-f9fa065a-7a98-4145-8dcd-4b16c5a7f5bd\" href=\"https:\/\/www.voile-valenciennes.fr\/wp-content\/uploads\/2026\/03\/CVV-Livret-daccueil-Mars-2026.pdf\">CVV &#8211; Livret d&rsquo;accueil &#8211; Mars 2026<\/a><a href=\"https:\/\/www.voile-valenciennes.fr\/wp-content\/uploads\/2026\/03\/CVV-Livret-daccueil-Mars-2026.pdf\" class=\"wp-block-file__button wp-element-button\" download aria-describedby=\"wp-block-file--media-f9fa065a-7a98-4145-8dcd-4b16c5a7f5bd\">T\u00e9l\u00e9charger<\/a><\/div>\n\n\n\n<hr class=\"wp-block-separator has-css-opacity\"\/>\n\n\n\n<p class=\"has-medium-font-size\">Bonne Lecture \ud83d\ude42<\/p>\n\n\n\n<div style=\"height:47px\" aria-hidden=\"true\" class=\"wp-block-spacer\"><\/div>\n\n\n\n<div style=\"height:48px\" aria-hidden=\"true\" class=\"wp-block-spacer\"><\/div>\n","protected":false},"excerpt":{"rendered":"<p>Cette page est r\u00e9serv\u00e9e uniquement aux membres afin qu&rsquo;ils puissent prendre connaissance des derni\u00e8res versions des documents officiels du club. Proc\u00e9dure d\u2019Adh\u00e9sion au CVV Attestation a signer et a imprimer Fiche Propri\u00e9taire Emplacements sur le parc a bateaux R\u00e8glement Int\u00e9rieur Dispositif de Surveillance et d&rsquo;Intervention Status de l&rsquo;Association Livret d&rsquo;Accueil Bonne Lecture \ud83d\ude42<\/p>\n","protected":false},"author":1,"featured_media":0,"parent":0,"menu_order":0,"comment_status":"closed","ping_status":"closed","template":"","meta":{"jetpack_post_was_ever_published":false,"footnotes":""},"class_list":["post-2889","page","type-page","status-publish","hentry","clearfix"],"jetpack_sharing_enabled":true,"_links":{"self":[{"href":"https:\/\/www.voile-valenciennes.fr\/index.php\/wp-json\/wp\/v2\/pages\/2889","targetHints":{"allow":["GET"]}}],"collection":[{"href":"https:\/\/www.voile-valenciennes.fr\/index.php\/wp-json\/wp\/v2\/pages"}],"about":[{"href":"https:\/\/www.voile-valenciennes.fr\/index.php\/wp-json\/wp\/v2\/types\/page"}],"author":[{"embeddable":true,"href":"https:\/\/www.voile-valenciennes.fr\/index.php\/wp-json\/wp\/v2\/users\/1"}],"replies":[{"embeddable":true,"href":"https:\/\/www.voile-valenciennes.fr\/index.php\/wp-json\/wp\/v2\/comments?post=2889"}],"version-history":[{"count":12,"href":"https:\/\/www.voile-valenciennes.fr\/index.php\/wp-json\/wp\/v2\/pages\/2889\/revisions"}],"predecessor-version":[{"id":5779,"href":"https:\/\/www.voile-valenciennes.fr\/index.php\/wp-json\/wp\/v2\/pages\/2889\/revisions\/5779"}],"wp:attachment":[{"href":"https:\/\/www.voile-valenciennes.fr\/index.php\/wp-json\/wp\/v2\/media?parent=2889"}],"curies":[{"name":"wp","href":"https:\/\/api.w.org\/{rel}","templated":true}]}}

<p class="has-medium-font-size">Cette page est réservée uniquement aux membres afin qu&rsquo;ils puissent prendre connaissance des dernières versions des documents officiels du club.</p>



<h3 class="wp-block-heading has-text-align-center has-text-color" style="color:#256090">Procédure d’Adhésion au CVV</h3>



<div class="wp-block-file aligncenter"><a id="wp-block-file--media-9532a5c0-0ca3-42ea-a169-7ce42c9d3803" href="https://www.voile-valenciennes.fr/wp-content/uploads/2025/03/CVV-Fiche-dAdhesion-et-Tarif-2025.pdf">CVV &#8211; Fiche d’Adhésion et Tarif 2025</a><a href="https://www.voile-valenciennes.fr/wp-content/uploads/2025/03/CVV-Fiche-dAdhesion-et-Tarif-2025.pdf" class="wp-block-file__button wp-element-button" download aria-describedby="wp-block-file--media-9532a5c0-0ca3-42ea-a169-7ce42c9d3803">Télécharger</a></div>



<h3 class="wp-block-heading has-text-align-center has-text-color" style="color:#256090">Attestation a signer et a imprimer</h3>



<div class="wp-block-file aligncenter"><a id="wp-block-file--media-f6ec911b-ff6f-4c47-a086-8fb675fdd630" href="https://www.voile-valenciennes.fr/wp-content/uploads/2025/03/ATTESTATION-A-FAIRE-SIGNER-AUX-MEMBRES.pdf">ATTESTATION &#8211; A FAIRE SIGNER AUX MEMBRES</a><a href="https://www.voile-valenciennes.fr/wp-content/uploads/2025/03/ATTESTATION-A-FAIRE-SIGNER-AUX-MEMBRES.pdf" class="wp-block-file__button wp-element-button" download aria-describedby="wp-block-file--media-f6ec911b-ff6f-4c47-a086-8fb675fdd630">Télécharger</a></div>



<h3 class="wp-block-heading has-text-align-center has-text-color" style="color:#256090">Fiche Propriétaire</h3>



<div class="wp-block-file aligncenter"><a id="wp-block-file--media-690b1eca-f2f9-4238-b0af-02297459da09" href="https://www.voile-valenciennes.fr/wp-content/uploads/2025/03/Fiche_Proprietaire_sur_le_Parc_Bateau.pdf">Fiche_Propriétaire_sur_le_Parc_Bateau</a><a href="https://www.voile-valenciennes.fr/wp-content/uploads/2025/03/Fiche_Proprietaire_sur_le_Parc_Bateau.pdf" class="wp-block-file__button wp-element-button" download aria-describedby="wp-block-file--media-690b1eca-f2f9-4238-b0af-02297459da09">Télécharger</a></div>



<h3 class="wp-block-heading has-text-align-center has-text-color" style="color:#256090">Emplacements sur le parc a bateaux</h3>



<div class="wp-block-file aligncenter"><a id="wp-block-file--media-8075fdca-8049-47c1-ba2c-ddb92259e681" href="https://www.voile-valenciennes.fr/wp-content/uploads/2025/03/CVV-Plan-Parc-a-Bateau-avec-numerotation.pdf">CVV Plan Parc a Bateau &#8211; avec numérotation</a><a href="https://www.voile-valenciennes.fr/wp-content/uploads/2025/03/CVV-Plan-Parc-a-Bateau-avec-numerotation.pdf" class="wp-block-file__button wp-element-button" download aria-describedby="wp-block-file--media-8075fdca-8049-47c1-ba2c-ddb92259e681">Télécharger</a></div>



<hr class="wp-block-separator has-alpha-channel-opacity"/>



<h3 class="wp-block-heading has-text-align-center has-text-color" style="color:#256090">Règlement Intérieur</h3>



<div class="wp-block-file aligncenter"><a id="wp-block-file--media-30aedd0e-f382-4be5-a388-3086d50ad727" href="https://www.voile-valenciennes.fr/wp-content/uploads/2026/03/CVV-Reglement-interieur-Fevrier-2026.pdf">CVV &#8211; Réglement intérieur &#8211; Fevrier 2026</a><a href="https://www.voile-valenciennes.fr/wp-content/uploads/2026/03/CVV-Reglement-interieur-Fevrier-2026.pdf" class="wp-block-file__button wp-element-button" download aria-describedby="wp-block-file--media-30aedd0e-f382-4be5-a388-3086d50ad727">Télécharger</a></div>



<hr class="wp-block-separator has-css-opacity"/>



<h3 class="wp-block-heading has-text-align-center has-text-color" style="color:#256090">Dispositif de Surveillance et d&rsquo;Intervention</h3>



<div class="wp-block-file aligncenter"><a id="wp-block-file--media-dc96fa5a-f6fc-4eca-a173-0688e58db509" href="https://www.voile-valenciennes.fr/wp-content/uploads/2025/03/CVV-DSI-1er-Janvier-2025.pdf">CVV &#8211; DSI &#8211; 1er Janvier 2025</a><a href="https://www.voile-valenciennes.fr/wp-content/uploads/2025/03/CVV-DSI-1er-Janvier-2025.pdf" class="wp-block-file__button wp-element-button" download aria-describedby="wp-block-file--media-dc96fa5a-f6fc-4eca-a173-0688e58db509">Télécharger</a></div>



<hr class="wp-block-separator has-css-opacity"/>



<h3 class="wp-block-heading has-text-align-center has-text-color" style="color:#256090">Status de l&rsquo;Association</h3>



<div class="wp-block-file aligncenter"><a href="https://www.voile-valenciennes.fr/wp-content/uploads/2022/01/CVV-Statuts-Janvier-2019.pdf">CVV-Statuts-Janvier-2019</a><a href="https://www.voile-valenciennes.fr/wp-content/uploads/2022/01/CVV-Statuts-Janvier-2019.pdf" class="wp-block-file__button wp-element-button" download>Télécharger</a></div>



<hr class="wp-block-separator has-css-opacity"/>



<h3 class="wp-block-heading has-text-align-center has-text-color" style="color:#256090">Livret d&rsquo;Accueil</h3>



<div class="wp-block-file aligncenter"><a id="wp-block-file--media-f9fa065a-7a98-4145-8dcd-4b16c5a7f5bd" href="https://www.voile-valenciennes.fr/wp-content/uploads/2026/03/CVV-Livret-daccueil-Mars-2026.pdf">CVV &#8211; Livret d&rsquo;accueil &#8211; Mars 2026</a><a href="https://www.voile-valenciennes.fr/wp-content/uploads/2026/03/CVV-Livret-daccueil-Mars-2026.pdf" class="wp-block-file__button wp-element-button" download aria-describedby="wp-block-file--media-f9fa065a-7a98-4145-8dcd-4b16c5a7f5bd">Télécharger</a></div>



<hr class="wp-block-separator has-css-opacity"/>



<p class="has-medium-font-size">Bonne Lecture 🙂</p>



<div style="height:47px" aria-hidden="true" class="wp-block-spacer"></div>



<div style="height:48px" aria-hidden="true" class="wp-block-spacer"></div>

<p>Cette page est réservée uniquement aux membres afin qu&rsquo;ils puissent prendre connaissance des dernières versions des documents officiels du club. Procédure d’Adhésion au CVV Attestation a signer et a imprimer Fiche Propriétaire Emplacements sur le parc a bateaux Règlement Intérieur Dispositif de Surveillance et d&rsquo;Intervention Status de l&rsquo;Association Livret d&rsquo;Accueil Bonne Lecture 🙂</p>
