{"id":3599,"date":"2023-04-09T22:21:18","date_gmt":"2023-04-09T20:21:18","guid":{"rendered":"https:\/\/www.voile-valenciennes.fr\/?page_id=3599"},"modified":"2026-02-15T13:16:00","modified_gmt":"2026-02-15T12:16:00","slug":"efvoile-propose","status":"publish","type":"page","link":"https:\/\/www.voile-valenciennes.fr\/index.php\/efvoile-propose\/","title":{"rendered":"L&rsquo;\u00e9cole de voile vous propose"},"content":{"rendered":"\n<h3 class=\"wp-block-heading has-text-align-center has-text-color\" style=\"color:#256090\">Cours collectifs ou particuliers<\/h3>\n\n\n\n<p class=\"has-medium-font-size\">Le r\u00e8glement pour les cartes de 5 \u00e0 10 cours, se fait uniquement en ligne ou par Carte Bancaire, sur place.<\/p>\n\n\n\n<iframe id=\"haWidget\" allowtransparency=\"true\" scrolling=\"auto\" src=\"https:\/\/www.helloasso.com\/associations\/cercle-de-voile-de-valenciennes\/adhesions\/cours-collectifs-particuliers-balades\/widget\" style=\"width: 100%; height: 750px; border: none;\"><\/iframe>\n\n\n\n<p class=\"has-medium-font-size\">Une fois le paiement r\u00e9alis\u00e9, veuillez prendre contact avec notre chef de base pour r\u00e9server vos cr\u00e9neaux horaire. <\/p>\n\n\n\n<hr class=\"wp-block-separator has-text-color has-cyan-bluish-gray-color has-css-opacity has-cyan-bluish-gray-background-color has-background is-style-wide\"\/>\n\n\n\n<h3 class=\"wp-block-heading has-text-align-center has-text-color\" style=\"color:#256090\">Locations de nos supports<\/h3>\n\n\n\n<figure class=\"wp-block-table alignwide is-style-stripes\"><table><tbody><tr><td class=\"has-text-align-center\" data-align=\"center\"><strong>Type de locations<\/strong><\/td><td class=\"has-text-align-center\" data-align=\"center\"><strong>1h de location<\/strong><\/td><td class=\"has-text-align-center\" data-align=\"center\"><strong>2h de location<\/strong><\/td><td class=\"has-text-align-center\" data-align=\"center\"><strong>3h de location<\/strong><\/td><\/tr><tr><td class=\"has-text-align-center\" data-align=\"center\"><strong>Planche \u00e0 voile<\/strong><\/td><td class=\"has-text-align-center\" data-align=\"center\">15 \u20ac<\/td><td class=\"has-text-align-center\" data-align=\"center\">28 \u20ac<\/td><td class=\"has-text-align-center\" data-align=\"center\">30 \u20ac<\/td><\/tr><tr><td class=\"has-text-align-center\" data-align=\"center\"><strong>Catamaran<\/strong><\/td><td class=\"has-text-align-center\" data-align=\"center\">25 \u20ac<\/td><td class=\"has-text-align-center\" data-align=\"center\">48 \u20ac<\/td><td class=\"has-text-align-center\" data-align=\"center\">70 \u20ac<\/td><\/tr><tr><td class=\"has-text-align-center\" data-align=\"center\"><strong>Club 530 (d\u00e9riveur)<\/strong><\/td><td class=\"has-text-align-center\" data-align=\"center\">30 \u20ac<\/td><td class=\"has-text-align-center\" data-align=\"center\">55 \u20ac<\/td><td class=\"has-text-align-center\" data-align=\"center\">80 \u20ac<\/td><\/tr><tr><td class=\"has-text-align-center\" data-align=\"center\"><strong>Kayak simple<\/strong><\/td><td class=\"has-text-align-center\" data-align=\"center\">10\u20ac<\/td><td class=\"has-text-align-center\" data-align=\"center\">18 \u20ac<\/td><td class=\"has-text-align-center\" data-align=\"center\">25 \u20ac<\/td><\/tr><tr><td class=\"has-text-align-center\" data-align=\"center\"><strong>Kayak double<\/strong><\/td><td class=\"has-text-align-center\" data-align=\"center\">18 \u20ac<\/td><td class=\"has-text-align-center\" data-align=\"center\">34 \u20ac<\/td><td class=\"has-text-align-center\" data-align=\"center\">50 \u20ac<\/td><\/tr><tr><td class=\"has-text-align-center\" data-align=\"center\"><strong>Paddle <\/strong><\/td><td class=\"has-text-align-center\" data-align=\"center\">15 \u20ac<\/td><td class=\"has-text-align-center\" data-align=\"center\">28 \u20ac<\/td><td class=\"has-text-align-center\" data-align=\"center\">30 \u20ac<\/td><\/tr><\/tbody><\/table><\/figure>\n\n\n\n<hr class=\"wp-block-separator has-alpha-channel-opacity\"\/>\n\n\n\n<h3 class=\"wp-block-heading has-text-align-center has-text-color\" style=\"color:#256090\">Des balades en bateaux collectifs<\/h3>\n\n\n\n<p class=\"has-text-align-center has-medium-font-size\">Voir description de l&rsquo;offre \u00e0 la page : <a href=\"https:\/\/www.voile-valenciennes.fr\/index.php\/balade-sur-un-voilier\/\" target=\"_blank\" rel=\"noreferrer noopener\">Balade sur un voilier \u2013 Cercle De Voile de Valenciennes<\/a><\/p>\n\n\n\n<figure class=\"wp-block-table\"><table><tbody><tr><td>Balade 1H*<\/td><td>15 \u20ac \/ personnes<\/td><\/tr><\/tbody><\/table><\/figure>\n\n\n\n<p>* Reservation obligatoire. Sortie possible a partir de 2 personnes.<\/p>\n\n\n\n<div class=\"wp-block-buttons is-layout-flex wp-block-buttons-is-layout-flex\">\n<div class=\"wp-block-button aligncenter\"><a class=\"wp-block-button__link has-white-color has-vivid-cyan-blue-background-color has-text-color has-background wp-element-button\" href=\"https:\/\/www.voile-valenciennes.fr\/#contact\">Nous Contacter \/ Reserver<\/a><\/div>\n<\/div>\n\n\n\n<p><\/p>\n\n\n\n<hr class=\"wp-block-separator has-alpha-channel-opacity\"\/>\n\n\n\n<h3 class=\"wp-block-heading has-text-align-center has-text-color\" style=\"color:#256090\">Le Saviez vous ?<\/h3>\n\n\n\n<p class=\"has-medium-font-size\">Le club est \u00e9quip\u00e9 d&rsquo;un terminal de paiement, vous pouvez donc, r\u00e9gl\u00e9 par Carte Bancaire, les locations, les mises \u00e0 l&rsquo;eau, stages, ou cours collectifs.<\/p>\n\n\n<div class=\"wp-block-image\">\n<figure class=\"aligncenter size-large\"><img fetchpriority=\"high\" decoding=\"async\" width=\"1280\" height=\"720\" src=\"https:\/\/i0.wp.com\/www.voile-valenciennes.fr\/wp-content\/uploads\/2020\/06\/SumUP_720.jpg?fit=790%2C444&amp;ssl=1\" alt=\"\" class=\"wp-image-2142\" srcset=\"https:\/\/i0.wp.com\/www.voile-valenciennes.fr\/wp-content\/uploads\/2020\/06\/SumUP_720.jpg?w=1280&amp;ssl=1 1280w, https:\/\/i0.wp.com\/www.voile-valenciennes.fr\/wp-content\/uploads\/2020\/06\/SumUP_720.jpg?resize=300%2C169&amp;ssl=1 300w, https:\/\/i0.wp.com\/www.voile-valenciennes.fr\/wp-content\/uploads\/2020\/06\/SumUP_720.jpg?resize=1024%2C576&amp;ssl=1 1024w, https:\/\/i0.wp.com\/www.voile-valenciennes.fr\/wp-content\/uploads\/2020\/06\/SumUP_720.jpg?resize=768%2C432&amp;ssl=1 768w\" sizes=\"(max-width: 790px) 100vw, 790px\" \/><\/figure>\n<\/div>\n\n\n<hr class=\"wp-block-separator has-text-color has-cyan-bluish-gray-color has-css-opacity has-cyan-bluish-gray-background-color has-background is-style-wide\"\/>\n","protected":false},"excerpt":{"rendered":"<p>Cours collectifs ou particuliers Le r\u00e8glement pour les cartes de 5 \u00e0 10 cours, se fait uniquement en ligne ou par Carte Bancaire, sur place. Une fois le paiement r\u00e9alis\u00e9, veuillez prendre contact avec notre chef de base pour r\u00e9server vos cr\u00e9neaux horaire. Locations de nos supports Type de locations 1h de location 2h de location 3h de location Planche \u00e0 voile 15 \u20ac 28&hellip; <\/p>\n","protected":false},"author":1,"featured_media":0,"parent":0,"menu_order":0,"comment_status":"closed","ping_status":"closed","template":"","meta":{"jetpack_post_was_ever_published":false,"footnotes":""},"class_list":["post-3599","page","type-page","status-publish","hentry","clearfix"],"jetpack_sharing_enabled":true,"_links":{"self":[{"href":"https:\/\/www.voile-valenciennes.fr\/index.php\/wp-json\/wp\/v2\/pages\/3599","targetHints":{"allow":["GET"]}}],"collection":[{"href":"https:\/\/www.voile-valenciennes.fr\/index.php\/wp-json\/wp\/v2\/pages"}],"about":[{"href":"https:\/\/www.voile-valenciennes.fr\/index.php\/wp-json\/wp\/v2\/types\/page"}],"author":[{"embeddable":true,"href":"https:\/\/www.voile-valenciennes.fr\/index.php\/wp-json\/wp\/v2\/users\/1"}],"replies":[{"embeddable":true,"href":"https:\/\/www.voile-valenciennes.fr\/index.php\/wp-json\/wp\/v2\/comments?post=3599"}],"version-history":[{"count":7,"href":"https:\/\/www.voile-valenciennes.fr\/index.php\/wp-json\/wp\/v2\/pages\/3599\/revisions"}],"predecessor-version":[{"id":5767,"href":"https:\/\/www.voile-valenciennes.fr\/index.php\/wp-json\/wp\/v2\/pages\/3599\/revisions\/5767"}],"wp:attachment":[{"href":"https:\/\/www.voile-valenciennes.fr\/index.php\/wp-json\/wp\/v2\/media?parent=3599"}],"curies":[{"name":"wp","href":"https:\/\/api.w.org\/{rel}","templated":true}]}}

L&rsquo;école de voile vous propose

<h3 class="wp-block-heading has-text-align-center has-text-color" style="color:#256090">Cours collectifs ou particuliers</h3>



<p class="has-medium-font-size">Le règlement pour les cartes de 5 à 10 cours, se fait uniquement en ligne ou par Carte Bancaire, sur place.</p>



<iframe id="haWidget" allowtransparency="true" scrolling="auto" src="https://www.helloasso.com/associations/cercle-de-voile-de-valenciennes/adhesions/cours-collectifs-particuliers-balades/widget" style="width: 100%; height: 750px; border: none;"></iframe>



<p class="has-medium-font-size">Une fois le paiement réalisé, veuillez prendre contact avec notre chef de base pour réserver vos créneaux horaire. </p>



<hr class="wp-block-separator has-text-color has-cyan-bluish-gray-color has-css-opacity has-cyan-bluish-gray-background-color has-background is-style-wide"/>



<h3 class="wp-block-heading has-text-align-center has-text-color" style="color:#256090">Locations de nos supports</h3>



<figure class="wp-block-table alignwide is-style-stripes"><table><tbody><tr><td class="has-text-align-center" data-align="center"><strong>Type de locations</strong></td><td class="has-text-align-center" data-align="center"><strong>1h de location</strong></td><td class="has-text-align-center" data-align="center"><strong>2h de location</strong></td><td class="has-text-align-center" data-align="center"><strong>3h de location</strong></td></tr><tr><td class="has-text-align-center" data-align="center"><strong>Planche à voile</strong></td><td class="has-text-align-center" data-align="center">15 €</td><td class="has-text-align-center" data-align="center">28 €</td><td class="has-text-align-center" data-align="center">30 €</td></tr><tr><td class="has-text-align-center" data-align="center"><strong>Catamaran</strong></td><td class="has-text-align-center" data-align="center">25 €</td><td class="has-text-align-center" data-align="center">48 €</td><td class="has-text-align-center" data-align="center">70 €</td></tr><tr><td class="has-text-align-center" data-align="center"><strong>Club 530 (dériveur)</strong></td><td class="has-text-align-center" data-align="center">30 €</td><td class="has-text-align-center" data-align="center">55 €</td><td class="has-text-align-center" data-align="center">80 €</td></tr><tr><td class="has-text-align-center" data-align="center"><strong>Kayak simple</strong></td><td class="has-text-align-center" data-align="center">10€</td><td class="has-text-align-center" data-align="center">18 €</td><td class="has-text-align-center" data-align="center">25 €</td></tr><tr><td class="has-text-align-center" data-align="center"><strong>Kayak double</strong></td><td class="has-text-align-center" data-align="center">18 €</td><td class="has-text-align-center" data-align="center">34 €</td><td class="has-text-align-center" data-align="center">50 €</td></tr><tr><td class="has-text-align-center" data-align="center"><strong>Paddle </strong></td><td class="has-text-align-center" data-align="center">15 €</td><td class="has-text-align-center" data-align="center">28 €</td><td class="has-text-align-center" data-align="center">30 €</td></tr></tbody></table></figure>



<hr class="wp-block-separator has-alpha-channel-opacity"/>



<h3 class="wp-block-heading has-text-align-center has-text-color" style="color:#256090">Des balades en bateaux collectifs</h3>



<p class="has-text-align-center has-medium-font-size">Voir description de l&rsquo;offre à la page : <a href="https://www.voile-valenciennes.fr/index.php/balade-sur-un-voilier/" target="_blank" rel="noreferrer noopener">Balade sur un voilier – Cercle De Voile de Valenciennes</a></p>



<figure class="wp-block-table"><table><tbody><tr><td>Balade 1H*</td><td>15 € / personnes</td></tr></tbody></table></figure>



<p>* Reservation obligatoire. Sortie possible a partir de 2 personnes.</p>



<div class="wp-block-buttons is-layout-flex wp-block-buttons-is-layout-flex">
<div class="wp-block-button aligncenter"><a class="wp-block-button__link has-white-color has-vivid-cyan-blue-background-color has-text-color has-background wp-element-button" href="https://www.voile-valenciennes.fr/#contact">Nous Contacter / Reserver</a></div>
</div>



<p></p>



<hr class="wp-block-separator has-alpha-channel-opacity"/>



<h3 class="wp-block-heading has-text-align-center has-text-color" style="color:#256090">Le Saviez vous ?</h3>



<p class="has-medium-font-size">Le club est équipé d&rsquo;un terminal de paiement, vous pouvez donc, réglé par Carte Bancaire, les locations, les mises à l&rsquo;eau, stages, ou cours collectifs.</p>


<div class="wp-block-image">
<figure class="aligncenter size-large"><img fetchpriority="high" decoding="async" width="1280" height="720" src="https://i0.wp.com/www.voile-valenciennes.fr/wp-content/uploads/2020/06/SumUP_720.jpg?fit=790%2C444&amp;ssl=1" alt="" class="wp-image-2142" srcset="https://i0.wp.com/www.voile-valenciennes.fr/wp-content/uploads/2020/06/SumUP_720.jpg?w=1280&amp;ssl=1 1280w, https://i0.wp.com/www.voile-valenciennes.fr/wp-content/uploads/2020/06/SumUP_720.jpg?resize=300%2C169&amp;ssl=1 300w, https://i0.wp.com/www.voile-valenciennes.fr/wp-content/uploads/2020/06/SumUP_720.jpg?resize=1024%2C576&amp;ssl=1 1024w, https://i0.wp.com/www.voile-valenciennes.fr/wp-content/uploads/2020/06/SumUP_720.jpg?resize=768%2C432&amp;ssl=1 768w" sizes="(max-width: 790px) 100vw, 790px" /></figure>
</div>


<hr class="wp-block-separator has-text-color has-cyan-bluish-gray-color has-css-opacity has-cyan-bluish-gray-background-color has-background is-style-wide"/>

<p>Cours collectifs ou particuliers Le règlement pour les cartes de 5 à 10 cours, se fait uniquement en ligne ou par Carte Bancaire, sur place. Une fois le paiement réalisé, veuillez prendre contact avec notre chef de base pour réserver vos créneaux horaire. Locations de nos supports Type de locations 1h de location 2h de location 3h de location Planche à voile 15 € 28&hellip; </p>
