{"id":5042,"date":"2025-01-16T22:32:45","date_gmt":"2025-01-16T21:32:45","guid":{"rendered":"https:\/\/www.voile-valenciennes.fr\/?page_id=5042"},"modified":"2026-04-03T19:54:56","modified_gmt":"2026-04-03T17:54:56","slug":"avis-de-courses","status":"publish","type":"page","link":"https:\/\/www.voile-valenciennes.fr\/index.php\/avis-de-courses\/","title":{"rendered":"Avis de courses"},"content":{"rendered":"\n<p class=\"has-large-font-size\"><strong>2026<\/strong> &#8211; Regates \u00e0 venir<\/p>\n\n\n\n<h4 class=\"wp-block-heading has-text-align-left has-very-dark-gray-color has-text-color\"><strong>Manche EST N\u00b05<\/strong>&#8211; Grade 5A &#8211; 9 et 10 Mai 2026<\/h4>\n\n\n\n<div class=\"wp-block-file\"><a id=\"wp-block-file--media-29ba8961-f117-4f6b-905c-b24ecce7ad9c\" href=\"https:\/\/www.voile-valenciennes.fr\/wp-content\/uploads\/2026\/03\/Manche-Est-Avis-de-course-Valenciennes-09-et-10-mai.pdf\">Manche Est &#8211; Avis de course Valenciennes 09 et 10 mai<\/a><a href=\"https:\/\/www.voile-valenciennes.fr\/wp-content\/uploads\/2026\/03\/Manche-Est-Avis-de-course-Valenciennes-09-et-10-mai.pdf\" class=\"wp-block-file__button wp-element-button\" download aria-describedby=\"wp-block-file--media-29ba8961-f117-4f6b-905c-b24ecce7ad9c\">T\u00e9l\u00e9charger<\/a><\/div>\n\n\n\n<p>Plus d&rsquo;infos sur la Manche EST : <a href=\"https:\/\/www.voile-valenciennes.fr\/index.php\/manche-est-n5\/\">&lt;Cliquer ICI><\/a><\/p>\n\n\n\n<h4 class=\"wp-block-heading has-text-align-left has-very-dark-gray-color has-text-color\"><strong>Championnat <strong>de Ligue<\/strong> 470<\/strong>&#8211; Grade 5A &#8211; 29 Mars 2026<\/h4>\n\n\n\n<div class=\"wp-block-file\"><a id=\"wp-block-file--media-c23986cb-10b8-4233-8ec4-cb147c21efd8\" href=\"https:\/\/www.voile-valenciennes.fr\/wp-content\/uploads\/2026\/02\/Avis-de-course-470-et-IND-Grade-5A-29-mars-2026.pdf\">Avis de course 470 et IND &#8211; Grade 5A &#8211; 29 mars 2026<\/a><a href=\"https:\/\/www.voile-valenciennes.fr\/wp-content\/uploads\/2026\/02\/Avis-de-course-470-et-IND-Grade-5A-29-mars-2026.pdf\" class=\"wp-block-file__button wp-element-button\" download aria-describedby=\"wp-block-file--media-c23986cb-10b8-4233-8ec4-cb147c21efd8\">T\u00e9l\u00e9charger<\/a><\/div>\n\n\n\n<div style=\"height:37px\" aria-hidden=\"true\" class=\"wp-block-spacer\"><\/div>\n\n\n\n<h4 class=\"wp-block-heading has-text-align-left has-very-dark-gray-color has-text-color\"><strong>La Valenciennoise <\/strong>&#8211; Grade 4 &#8211; 7 et 8 Mars 2026<\/h4>\n\n\n\n<div class=\"wp-block-file\"><a id=\"wp-block-file--media-97b2345a-3109-49a6-a3cf-16693cd38ee4\" href=\"https:\/\/www.voile-valenciennes.fr\/wp-content\/uploads\/2026\/02\/Avis-de-course-Championnat-La-Valenciennoise-IOM-7-et-8-mars2026.pdf\">Avis de course Championnat La Valenciennoise IOM &#8211; 7 et 8 mars2026<\/a><a href=\"https:\/\/www.voile-valenciennes.fr\/wp-content\/uploads\/2026\/02\/Avis-de-course-Championnat-La-Valenciennoise-IOM-7-et-8-mars2026.pdf\" class=\"wp-block-file__button wp-element-button\" download aria-describedby=\"wp-block-file--media-97b2345a-3109-49a6-a3cf-16693cd38ee4\">T\u00e9l\u00e9charger<\/a><\/div>\n\n\n\n<p>Lien pour s&rsquo;inscrire en ligne : <a href=\"https:\/\/forms.gle\/hbx5JGU5SR8MrEPeA\" target=\"_blank\" rel=\"noreferrer noopener\">&lt;Cliquer ICI&gt;<\/a><br>Lien pour atteindre le Post sur le Forum de l&rsquo;Association Fran\u00e7aise classe 1 Metre : <a href=\"https:\/\/classe1m.ipbhost.com\/topic\/6557-la-valenciennoise-2026-deplacee-les-78-mars\/\" target=\"_blank\" rel=\"noreferrer noopener\">&lt;Cliquer ICI&gt;<\/a><\/p>\n\n\n\n<hr class=\"wp-block-separator has-alpha-channel-opacity\"\/>\n\n\n\n<p class=\"has-large-font-size\"><strong>2025<\/strong> &#8211; Archives<\/p>\n\n\n\n<h4 class=\"wp-block-heading has-text-align-left has-very-dark-gray-color has-text-color\"><strong>Regate Jean-Pierre CHAMPION <\/strong>&#8211; Grade 5A &#8211; 9 Novembre 2025<\/h4>\n\n\n\n<div class=\"wp-block-file\"><a id=\"wp-block-file--media-b530265a-0f90-4712-a95b-cc042a130ee1\" href=\"https:\/\/www.voile-valenciennes.fr\/wp-content\/uploads\/2025\/10\/Avis-de-course-Regate-Jean-Pierre-Champion-9-novembre-2025.pdf\">Avis de course &#8211; Regate Jean-Pierre Champion -9 novembre 2025<\/a><a href=\"https:\/\/www.voile-valenciennes.fr\/wp-content\/uploads\/2025\/10\/Avis-de-course-Regate-Jean-Pierre-Champion-9-novembre-2025.pdf\" class=\"wp-block-file__button wp-element-button\" download aria-describedby=\"wp-block-file--media-b530265a-0f90-4712-a95b-cc042a130ee1\">T\u00e9l\u00e9charger<\/a><\/div>\n\n\n\n<p>Inscription sur place. Pas de pr\u00e9-inscription. Vous pouvez n\u00e9anmoins vous manifestez sur le groupe WhatsApp Ligue HdF &#8211; D\u00e9riveurs<\/p>\n\n\n\n<p>Rappel : Pas de r\u00e9gate le 11 novembre.<\/p>\n\n\n\n<h4 class=\"wp-block-heading has-text-align-left has-very-dark-gray-color has-text-color\"><strong>La Valenciennoise <\/strong>&#8211; Grade 4 &#8211; 18 et 19 Octobre 2025<\/h4>\n\n\n\n<div class=\"wp-block-file\"><a id=\"wp-block-file--media-d2b58533-c38f-4044-a6fb-a65698abf5c8\" href=\"https:\/\/www.voile-valenciennes.fr\/wp-content\/uploads\/2025\/09\/Avis-de-course-Championnat-La-Valenciennoise-IOM-18-et-19-Octobre-2025.pdf\">Avis de course Championnat La Valenciennoise IOM &#8211; 18 et 19 Octobre 2025<\/a><a href=\"https:\/\/www.voile-valenciennes.fr\/wp-content\/uploads\/2025\/09\/Avis-de-course-Championnat-La-Valenciennoise-IOM-18-et-19-Octobre-2025.pdf\" class=\"wp-block-file__button wp-element-button\" download aria-describedby=\"wp-block-file--media-d2b58533-c38f-4044-a6fb-a65698abf5c8\">T\u00e9l\u00e9charger<\/a><\/div>\n\n\n\n<p>Lien pour s&rsquo;inscrire en ligne : <a href=\"https:\/\/forms.gle\/eKk3si3k298w5SaeA\" target=\"_blank\" rel=\"noreferrer noopener\">&lt;Cliquer ICI&gt;<\/a><br>Lien pour atteindre le Post sur le Forum de l&rsquo;Association Fran\u00e7aise classe 1 Metre  : <a href=\"https:\/\/classe1m.ipbhost.com\/forum\/133-r%C3%A9gates-grade-4\/\" target=\"_blank\" rel=\"noreferrer noopener\">&lt;Cliquer ICI&gt;<\/a><\/p>\n\n\n\n<h4 class=\"wp-block-heading has-text-align-left has-very-dark-gray-color has-text-color\"><strong>Championnat <strong>de Ligue<\/strong> Yole OK <\/strong>&#8211; Grade 5A &#8211; 04 et 05 Octobre 2025<\/h4>\n\n\n\n<div class=\"wp-block-file\"><a id=\"wp-block-file--media-56631f15-54df-46d7-8a7c-99a0bd1b0e0c\" href=\"https:\/\/www.voile-valenciennes.fr\/wp-content\/uploads\/2025\/09\/Avis-de-course-Challenge-Tour-des-Lacs-Yole-OK-4-et-5-Octobre-2025.pdf\">Avis de course Challenge Tour des Lacs Yole OK &#8211; 4 et 5 Octobre 2025<\/a><a href=\"https:\/\/www.voile-valenciennes.fr\/wp-content\/uploads\/2025\/09\/Avis-de-course-Challenge-Tour-des-Lacs-Yole-OK-4-et-5-Octobre-2025.pdf\" class=\"wp-block-file__button wp-element-button\" download aria-describedby=\"wp-block-file--media-56631f15-54df-46d7-8a7c-99a0bd1b0e0c\">T\u00e9l\u00e9charger<\/a><\/div>\n\n\n\n<p>R\u00e9gate organis\u00e9 dans le cadre du Challenge Tour des Lacs 2025 : Plus d&rsquo;infos en <a href=\"https:\/\/tourdeslacs.wordpress.com\/category\/edition-2025\/\">&lt;cliquant ICI&gt;<\/a><\/p>\n\n\n\n<h4 class=\"wp-block-heading has-text-align-left has-very-dark-gray-color has-text-color\"><s><strong>Ch&rsquo;Ti EURO Grand Prix Classe RG 65 <\/strong>&#8211; Grade 5A &#8211; 13 et 14 septembre 2025<\/s><\/h4>\n\n\n\n<div class=\"wp-block-file\"><a id=\"wp-block-file--media-344cf8d7-4a3c-40fa-a129-0288a0947395\" href=\"https:\/\/www.voile-valenciennes.fr\/wp-content\/uploads\/2025\/07\/Avis-de-course-Chti-Euro-GP-13-et-14-septembre-2025.pdf\">Avis de course Chti Euro GP &#8211; 13 et 14 septembre 2025<\/a><a href=\"https:\/\/www.voile-valenciennes.fr\/wp-content\/uploads\/2025\/07\/Avis-de-course-Chti-Euro-GP-13-et-14-septembre-2025.pdf\" class=\"wp-block-file__button wp-element-button\" download aria-describedby=\"wp-block-file--media-344cf8d7-4a3c-40fa-a129-0288a0947395\">T\u00e9l\u00e9charger<\/a><\/div>\n\n\n\n<p><s>Lien pour s&rsquo;inscrire en ligne : <a href=\"https:\/\/forms.gle\/Yad8TnTUUnS7dVPDA\" target=\"_blank\" rel=\"noreferrer noopener\">&lt;Cliquer ICI&gt;<\/a><\/s><br>Lien pour atteindre le Post sur le Forum de l&rsquo;Association Fran\u00e7aise classe RG 65, permettant de discuter sur les raisons de l&rsquo;annulation de la comp\u00e9titon : <a href=\"https:\/\/rg65.fr\/forum\/viewtopic.php?f=17&amp;t=789\" target=\"_blank\" rel=\"noreferrer noopener\">&lt;Cliquer ICI&gt;<\/a><\/p>\n\n\n\n<h4 class=\"wp-block-heading has-text-align-left has-very-dark-gray-color has-text-color\"><strong>Championnat <strong>de Ligue<\/strong> Classe DF 95 <\/strong>&#8211; Grade 5A &#8211; 25 Mai 2025<\/h4>\n\n\n\n<div class=\"wp-block-file\"><a id=\"wp-block-file--media-999fb296-ba94-487d-a2cc-ff9402893fd9\" href=\"https:\/\/www.voile-valenciennes.fr\/wp-content\/uploads\/2025\/05\/Avis-de-course-Championnat-de-Ligue-DF95-25-mai-2025.pdf\">Avis de course Championnat de Ligue DF95 &#8211; 25 mai 2025<\/a><a href=\"https:\/\/www.voile-valenciennes.fr\/wp-content\/uploads\/2025\/05\/Avis-de-course-Championnat-de-Ligue-DF95-25-mai-2025.pdf\" class=\"wp-block-file__button wp-element-button\" download aria-describedby=\"wp-block-file--media-999fb296-ba94-487d-a2cc-ff9402893fd9\">T\u00e9l\u00e9charger<\/a><\/div>\n\n\n\n<p>Lien pour s&rsquo;inscrire en ligne : <a href=\"https:\/\/forms.gle\/UiTF7E6kfNhCf8zm9\" target=\"_blank\" rel=\"noreferrer noopener\">&lt;Cliquer ICI&gt;<\/a><br>Lien pour atteindre le Post sur le Forum de l&rsquo;Association Fran\u00e7aise classe DF 95 : <a href=\"https:\/\/forumdf95france.forumactif.com\/t711-valenciennes-championnat-de-ligue-df95-23-mars-2025\" target=\"_blank\" rel=\"noreferrer noopener\">&lt;Cliquer ICI&gt;<\/a><\/p>\n\n\n\n<h4 class=\"wp-block-heading has-text-align-left has-very-dark-gray-color has-text-color\"><strong>Championnat <strong>de France de la classe 1 Metre<\/strong> <\/strong>&#8211; Grade 3 &#8211; du 8 au 11 Mai 2025<\/h4>\n\n\n\n<p>Voir site internet d\u00e9di\u00e9 \u00e0 l\u2019\u00e9v\u00e9nement : <a href=\"http:\/\/vrc.voile-valenciennes.fr\/\">http:\/\/vrc.voile-valenciennes.fr\/<\/a><\/p>\n\n\n\n<h4 class=\"wp-block-heading has-text-align-left has-very-dark-gray-color has-text-color\"><strong>Championnat <strong>de Ligue<\/strong> 470<\/strong>&#8211; Grade 5A &#8211; 27 Avril 2025<\/h4>\n\n\n\n<div class=\"wp-block-file\"><a id=\"wp-block-file--media-64856473-a6dd-47af-9d8f-aed4edc21b1d\" href=\"https:\/\/www.voile-valenciennes.fr\/wp-content\/uploads\/2025\/03\/Avis-de-course-470-et-IND-Grade-5A-27-avril-2025.pdf\">Avis de course 470 et IND &#8211; Grade 5A &#8211; 27 avril 2025<\/a><a href=\"https:\/\/www.voile-valenciennes.fr\/wp-content\/uploads\/2025\/03\/Avis-de-course-470-et-IND-Grade-5A-27-avril-2025.pdf\" class=\"wp-block-file__button wp-element-button\" download aria-describedby=\"wp-block-file--media-64856473-a6dd-47af-9d8f-aed4edc21b1d\">T\u00e9l\u00e9charger<\/a><\/div>\n\n\n\n<h4 class=\"wp-block-heading has-text-align-left has-very-dark-gray-color has-text-color\"><strong>Championnat <strong>de Ligue<\/strong> Classe DF 95 <\/strong>&#8211; Grade 5A &#8211; 23 Mars 2025<\/h4>\n\n\n\n<div class=\"wp-block-file\"><a id=\"wp-block-file--media-8338b67e-8579-4b6a-a697-5b97461f4e5a\" href=\"https:\/\/www.voile-valenciennes.fr\/wp-content\/uploads\/2025\/02\/Avis-de-course-Championnat-de-Ligue-DF95-23-mars-2025.pdf\">Avis de course Championnat de Ligue DF95 &#8211; 23 mars 2025<\/a><a href=\"https:\/\/www.voile-valenciennes.fr\/wp-content\/uploads\/2025\/02\/Avis-de-course-Championnat-de-Ligue-DF95-23-mars-2025.pdf\" class=\"wp-block-file__button wp-element-button\" download aria-describedby=\"wp-block-file--media-8338b67e-8579-4b6a-a697-5b97461f4e5a\">T\u00e9l\u00e9charger<\/a><\/div>\n\n\n\n<div class=\"wp-block-file\"><a id=\"wp-block-file--media-d65bd13f-2284-460a-8a8e-6b69fcee5bcc\" href=\"https:\/\/www.voile-valenciennes.fr\/wp-content\/uploads\/2025\/03\/CVV-IC-DF95-23mars2025.pdf\">CVV &#8211; IC &#8211; DF95 23mars2025<\/a><a href=\"https:\/\/www.voile-valenciennes.fr\/wp-content\/uploads\/2025\/03\/CVV-IC-DF95-23mars2025.pdf\" class=\"wp-block-file__button wp-element-button\" download aria-describedby=\"wp-block-file--media-d65bd13f-2284-460a-8a8e-6b69fcee5bcc\">T\u00e9l\u00e9charger<\/a><\/div>\n\n\n\n<p>Lien pour s&rsquo;inscrire en ligne : <a href=\"https:\/\/forms.gle\/rYZtSdiqaxTBCiz96\" target=\"_blank\" rel=\"noreferrer noopener\">&lt;Cliquer ICI&gt;<\/a><br>Lien pour atteindre le Post sur le Forum de l&rsquo;Association Fran\u00e7aise classe DF 95 : <a href=\"https:\/\/forumdf95france.forumactif.com\/t711-valenciennes-championnat-de-ligue-df95-23-mars-2025\" target=\"_blank\" rel=\"noreferrer noopener\">&lt;Cliquer ICI&gt;<\/a><\/p>\n\n\n\n<h4 class=\"wp-block-heading has-text-align-left has-very-dark-gray-color has-text-color\"><strong>Championnat <strong>de Ligue<\/strong> Classe M (Marblehaed) <\/strong>&#8211; Grade 5A &#8211; 23 F\u00e9vrier 2025<\/h4>\n\n\n\n<div class=\"wp-block-file\"><a id=\"wp-block-file--media-1b03a39f-9667-45a0-83a9-e2d64fd8aaa5\" href=\"https:\/\/www.voile-valenciennes.fr\/wp-content\/uploads\/2025\/01\/Avis-de-course-Championnat-de-Ligue-Marblehead-23-Fev-2025.pdf\">Avis-de-course-Championnat-de-Ligue-Marblehead-23-Fev-2025<\/a><a href=\"https:\/\/www.voile-valenciennes.fr\/wp-content\/uploads\/2025\/01\/Avis-de-course-Championnat-de-Ligue-Marblehead-23-Fev-2025.pdf\" class=\"wp-block-file__button wp-element-button\" download aria-describedby=\"wp-block-file--media-1b03a39f-9667-45a0-83a9-e2d64fd8aaa5\">T\u00e9l\u00e9charger<\/a><\/div>\n\n\n\n<p>Lien pour s&rsquo;inscrire en ligne  : <a href=\"https:\/\/forms.gle\/6A5XGhXxtLDCgBVd9\">&lt;Cliquer ICI&gt;<\/a>)<br>Lien pour atteindre le Post sur le Forum de l&rsquo;Association Fran\u00e7aise classe M : <a href=\"https:\/\/www.classem.org\/forum\/viewtopic.php?t=2196\">&lt;Cliquer ICI&gt;<\/a><\/p>\n\n\n\n<hr class=\"wp-block-separator has-alpha-channel-opacity\"\/>\n\n\n\n<p class=\"has-large-font-size\"><strong>202x<\/strong> &#8211; Archives<\/p>\n\n\n\n<p><a href=\"https:\/\/www.voile-valenciennes.fr\/index.php\/avis-de-courses-archives\/\">Avis de courses \u2013 Archives \u2013 Cercle De Voile de Valenciennes<\/a><\/p>\n\n\n\n<p><\/p>\n","protected":false},"excerpt":{"rendered":"<p>2026 &#8211; Regates \u00e0 venir Manche EST N\u00b05&#8211; Grade 5A &#8211; 9 et 10 Mai 2026 Plus d&rsquo;infos sur la Manche EST : &lt;Cliquer ICI> Championnat de Ligue 470&#8211; Grade 5A &#8211; 29 Mars 2026 La Valenciennoise &#8211; Grade 4 &#8211; 7 et 8 Mars 2026 Lien pour s&rsquo;inscrire en ligne : &lt;Cliquer ICI&gt;Lien pour atteindre le Post sur le Forum de l&rsquo;Association Fran\u00e7aise classe&hellip; <\/p>\n","protected":false},"author":1,"featured_media":0,"parent":0,"menu_order":0,"comment_status":"closed","ping_status":"closed","template":"","meta":{"jetpack_post_was_ever_published":false,"footnotes":""},"class_list":["post-5042","page","type-page","status-publish","hentry","clearfix"],"jetpack_sharing_enabled":true,"_links":{"self":[{"href":"https:\/\/www.voile-valenciennes.fr\/index.php\/wp-json\/wp\/v2\/pages\/5042","targetHints":{"allow":["GET"]}}],"collection":[{"href":"https:\/\/www.voile-valenciennes.fr\/index.php\/wp-json\/wp\/v2\/pages"}],"about":[{"href":"https:\/\/www.voile-valenciennes.fr\/index.php\/wp-json\/wp\/v2\/types\/page"}],"author":[{"embeddable":true,"href":"https:\/\/www.voile-valenciennes.fr\/index.php\/wp-json\/wp\/v2\/users\/1"}],"replies":[{"embeddable":true,"href":"https:\/\/www.voile-valenciennes.fr\/index.php\/wp-json\/wp\/v2\/comments?post=5042"}],"version-history":[{"count":27,"href":"https:\/\/www.voile-valenciennes.fr\/index.php\/wp-json\/wp\/v2\/pages\/5042\/revisions"}],"predecessor-version":[{"id":5887,"href":"https:\/\/www.voile-valenciennes.fr\/index.php\/wp-json\/wp\/v2\/pages\/5042\/revisions\/5887"}],"wp:attachment":[{"href":"https:\/\/www.voile-valenciennes.fr\/index.php\/wp-json\/wp\/v2\/media?parent=5042"}],"curies":[{"name":"wp","href":"https:\/\/api.w.org\/{rel}","templated":true}]}}