{"id":74,"date":"2019-11-17T11:42:02","date_gmt":"2019-11-17T10:42:02","guid":{"rendered":"https:\/\/clubdevoilevalenciennes.wordpress.com\/?page_id=74"},"modified":"2021-03-11T21:17:01","modified_gmt":"2021-03-11T20:17:01","slug":"centres-aeres-loisirs","status":"publish","type":"page","link":"https:\/\/www.voile-valenciennes.fr\/index.php\/centres-aeres-loisirs\/","title":{"rendered":"Maisons de quartiers &#8211; Centres A\u00e9r\u00e9s, sociaux et de Loisirs"},"content":{"rendered":"\n<p class=\"has-text-align-left has-medium-font-size\">Pendant les vacances scolaires (P\u00e2ques, Juillet-Ao\u00fbt, Toussaint), le CVV accueille dans le respect de notre protocole sanitaire \u00e9prouv\u00e9 depuis Juin 2020 et r\u00e9guli\u00e8rement mis \u00e0 jour, les jeunes des maisons de quartiers, des centres a\u00e9r\u00e9s, sociaux et de loisirs. Du Lundi au Vendredi de 09h00 \u00e0 12h00 et de 13h30 \u00e0 16h30 sur des dur\u00e9es adapt\u00e9es aux besoins et aux budgets de chacun des centres (1\/2 Journ\u00e9e &#8211; Journ\u00e9e &#8211; Semaine)<\/p>\n\n\n\n<p class=\"has-medium-font-size\">Diff\u00e9rents supports sont propos\u00e9s pour satisfaire les envies sportives de tous, quelques soient les niveaux (catamarans, d\u00e9riveurs, planches \u00e0 voile, cano\u00e9s, paddle\u2026). Une tarification optimis\u00e9e (comprenant la mise \u00e0 disposition des supports, des gilets de sauvetage et de l\u2019encadrement)\u00a0 sera propos\u00e9e selon la dur\u00e9e choisie et le nombre de participants. Au sein de son espace sympathique et s\u00e9curis\u00e9, le CVV offre aux groupes de participants la possibilit\u00e9 de pique-niquer dans le respect des r\u00e8gles sanitaires et des gestes barri\u00e8res. N\u2019h\u00e9sitez pas \u00e0 r\u00e9server votre venue en nous contactant.<\/p>\n\n\n\n<div class=\"wp-block-image is-style-circle-mask\"><figure class=\"aligncenter size-large\"><img data-recalc-dims=\"1\" fetchpriority=\"high\" decoding=\"async\" width=\"790\" height=\"593\" src=\"https:\/\/i0.wp.com\/www.voile-valenciennes.fr\/wp-content\/uploads\/2019\/11\/WhatsApp-Image-2019-09-26-at-13.49.47-1.jpeg?resize=790%2C593&#038;ssl=1\" alt=\"\" class=\"wp-image-1107\" srcset=\"https:\/\/i0.wp.com\/www.voile-valenciennes.fr\/wp-content\/uploads\/2019\/11\/WhatsApp-Image-2019-09-26-at-13.49.47-1.jpeg?resize=1024%2C768&amp;ssl=1 1024w, https:\/\/i0.wp.com\/www.voile-valenciennes.fr\/wp-content\/uploads\/2019\/11\/WhatsApp-Image-2019-09-26-at-13.49.47-1.jpeg?resize=300%2C225&amp;ssl=1 300w, https:\/\/i0.wp.com\/www.voile-valenciennes.fr\/wp-content\/uploads\/2019\/11\/WhatsApp-Image-2019-09-26-at-13.49.47-1.jpeg?resize=768%2C576&amp;ssl=1 768w, https:\/\/i0.wp.com\/www.voile-valenciennes.fr\/wp-content\/uploads\/2019\/11\/WhatsApp-Image-2019-09-26-at-13.49.47-1.jpeg?resize=1536%2C1152&amp;ssl=1 1536w, https:\/\/i0.wp.com\/www.voile-valenciennes.fr\/wp-content\/uploads\/2019\/11\/WhatsApp-Image-2019-09-26-at-13.49.47-1.jpeg?resize=700%2C525&amp;ssl=1 700w, https:\/\/i0.wp.com\/www.voile-valenciennes.fr\/wp-content\/uploads\/2019\/11\/WhatsApp-Image-2019-09-26-at-13.49.47-1.jpeg?resize=533%2C400&amp;ssl=1 533w, https:\/\/i0.wp.com\/www.voile-valenciennes.fr\/wp-content\/uploads\/2019\/11\/WhatsApp-Image-2019-09-26-at-13.49.47-1.jpeg?w=1600&amp;ssl=1 1600w\" sizes=\"(max-width: 790px) 100vw, 790px\" \/><\/figure><\/div>\n\n\n\n<div style=\"height:23px\" aria-hidden=\"true\" class=\"wp-block-spacer\"><\/div>\n\n\n\n<p class=\"has-text-align-center has-medium-font-size\"><em>Pour plus de renseignements :<\/em><\/p>\n\n\n\n<div class=\"wp-block-button aligncenter\"><a class=\"wp-block-button__link has-text-color has-very-light-gray-color has-background\" href=\"https:\/\/www.voile-valenciennes.fr\/#contact\" style=\"background-color:#256090\">Nous contacter<\/a><\/div>\n","protected":false},"excerpt":{"rendered":"<p>Pendant les vacances scolaires (P\u00e2ques, Juillet-Ao\u00fbt, Toussaint), le CVV accueille dans le respect de notre protocole sanitaire \u00e9prouv\u00e9 depuis Juin 2020 et r\u00e9guli\u00e8rement mis \u00e0 jour, les jeunes des maisons de quartiers, des centres a\u00e9r\u00e9s, sociaux et de loisirs. Du Lundi au Vendredi de 09h00 \u00e0 12h00 et de 13h30 \u00e0 16h30 sur des dur\u00e9es adapt\u00e9es aux besoins et aux budgets de chacun des centres&hellip; <\/p>\n","protected":false},"author":1,"featured_media":0,"parent":0,"menu_order":0,"comment_status":"closed","ping_status":"closed","template":"","meta":{"jetpack_post_was_ever_published":false,"footnotes":""},"class_list":["post-74","page","type-page","status-publish","hentry","clearfix"],"jetpack_sharing_enabled":true,"_links":{"self":[{"href":"https:\/\/www.voile-valenciennes.fr\/index.php\/wp-json\/wp\/v2\/pages\/74","targetHints":{"allow":["GET"]}}],"collection":[{"href":"https:\/\/www.voile-valenciennes.fr\/index.php\/wp-json\/wp\/v2\/pages"}],"about":[{"href":"https:\/\/www.voile-valenciennes.fr\/index.php\/wp-json\/wp\/v2\/types\/page"}],"author":[{"embeddable":true,"href":"https:\/\/www.voile-valenciennes.fr\/index.php\/wp-json\/wp\/v2\/users\/1"}],"replies":[{"embeddable":true,"href":"https:\/\/www.voile-valenciennes.fr\/index.php\/wp-json\/wp\/v2\/comments?post=74"}],"version-history":[{"count":31,"href":"https:\/\/www.voile-valenciennes.fr\/index.php\/wp-json\/wp\/v2\/pages\/74\/revisions"}],"predecessor-version":[{"id":2251,"href":"https:\/\/www.voile-valenciennes.fr\/index.php\/wp-json\/wp\/v2\/pages\/74\/revisions\/2251"}],"wp:attachment":[{"href":"https:\/\/www.voile-valenciennes.fr\/index.php\/wp-json\/wp\/v2\/media?parent=74"}],"curies":[{"name":"wp","href":"https:\/\/api.w.org\/{rel}","templated":true}]}}